{"id":330,"date":"2016-02-29T13:10:37","date_gmt":"2016-02-29T13:10:37","guid":{"rendered":"http:\/\/test.kriesi.at\/travel\/?page_id=2"},"modified":"2021-07-08T16:42:48","modified_gmt":"2021-07-08T14:42:48","slug":"home","status":"publish","type":"page","link":"https:\/\/renta.de\/cms-2017\/","title":{"rendered":"Home"},"content":{"rendered":"<\/div><\/div><\/div><!-- close content main div --><\/div><\/div><div id='full_slider_1' class='avia-fullwidth-slider main_color avia-shadow   container_wrap sidebar_right'   ><div  data-size='extra_large'  data-lightbox_size='large'  data-animation='fade'  data-ids='1429,1430,1431,1432,1433,1434,1435,1436,1437,1438,1439,1440,1441,1442,1443,1444,1445,1446,1447'  data-video_counter='0'  data-autoplay='true'  data-bg_slider='false'  data-slide_height=''  data-handle='av_slideshow_full'  data-interval='6'  data-class=' '  data-css_id=''  data-scroll_down=''  data-control_layout='av-control-minimal'  data-custom_markup=''  data-perma_caption=''  data-autoplay_stopper=''  data-image_attachment=''  data-min_height='0px'  data-src=''  data-position='top left'  data-repeat='no-repeat'  data-attach='scroll'  data-stretch=''  data-default-height='100'  class='avia-slideshow avia-slideshow-1  av-control-minimal av-default-height-applied avia-slideshow-extra_large av_slideshow_full   avia-fade-slider '  itemscope=\"itemscope\" itemtype=\"https:\/\/schema.org\/ImageObject\" ><ul class='avia-slideshow-inner' style='padding-bottom: 25.78125%;'><li  class=' slide-1 ' ><div data-rel='slideshow-1' class='avia-slide-wrap'  ><img src='https:\/\/renta.de\/cms-2017\/wp-content\/uploads\/2016\/02\/101_wrz_magazinstr.jpg' width='768' height='198' title='101_wrz_magazinstr' alt=''  itemprop=\"thumbnailUrl\"   \/><\/div><\/li><li  class=' slide-2 ' ><div data-rel='slideshow-1' class='avia-slide-wrap'  ><img src='https:\/\/renta.de\/cms-2017\/wp-content\/uploads\/2016\/02\/102_wrz_alterbrauhof.jpg' width='768' height='198' title='102_wrz_alterbrauhof' alt=''  itemprop=\"thumbnailUrl\"   \/><\/div><\/li><li  class=' slide-3 ' ><div data-rel='slideshow-1' class='avia-slide-wrap'  ><img src='https:\/\/renta.de\/cms-2017\/wp-content\/uploads\/2016\/02\/103_wrz_oderstr.jpg' width='768' height='198' title='103_wrz_oderstr' alt=''  itemprop=\"thumbnailUrl\"   \/><\/div><\/li><li  class=' slide-4 ' ><div data-rel='slideshow-1' class='avia-slide-wrap'  ><img src='https:\/\/renta.de\/cms-2017\/wp-content\/uploads\/2016\/02\/104_wrz_berlinerberg.jpg' width='768' height='198' title='104_wrz_berlinerberg' alt=''  itemprop=\"thumbnailUrl\"   \/><\/div><\/li><li  class=' slide-5 ' ><div data-rel='slideshow-1' class='avia-slide-wrap'  ><img src='https:\/\/renta.de\/cms-2017\/wp-content\/uploads\/2016\/02\/201_bfw_augheese.jpg' width='768' height='198' title='201_bfw_augheese' alt=''  itemprop=\"thumbnailUrl\"   \/><\/div><\/li><li  class=' slide-6 ' ><div data-rel='slideshow-1' class='avia-slide-wrap'  ><img src='https:\/\/renta.de\/cms-2017\/wp-content\/uploads\/2016\/02\/202_bfw_waldschanze.jpg' width='768' height='198' title='202_bfw_waldschanze' alt=''  itemprop=\"thumbnailUrl\"   \/><\/div><\/li><li  class=' slide-7 ' ><div data-rel='slideshow-1' class='avia-slide-wrap'  ><img src='https:\/\/renta.de\/cms-2017\/wp-content\/uploads\/2016\/02\/205_bfw_danckelmann.jpg' width='768' height='198' title='205_bfw_danckelmann' alt=''  itemprop=\"thumbnailUrl\"   \/><\/div><\/li><li  class=' slide-8 ' ><div data-rel='slideshow-1' class='avia-slide-wrap'  ><img src='https:\/\/renta.de\/cms-2017\/wp-content\/uploads\/2016\/02\/206_bfw_danckelmann.jpg' width='768' height='198' title='206_bfw_danckelmann' alt=''  itemprop=\"thumbnailUrl\"   \/><\/div><\/li><li  class=' slide-9 ' ><div data-rel='slideshow-1' class='avia-slide-wrap'  ><img src='https:\/\/renta.de\/cms-2017\/wp-content\/uploads\/2016\/02\/208_bfw_gesundbrunnenstr.jpg' width='768' height='198' title='208_bfw_gesundbrunnenstr' alt=''  itemprop=\"thumbnailUrl\"   \/><\/div><\/li><li  class=' slide-10 ' ><div data-rel='slideshow-1' class='avia-slide-wrap'  ><img src='https:\/\/renta.de\/cms-2017\/wp-content\/uploads\/2016\/02\/211_bfw_weinbergstr.jpg' width='768' height='198' title='211_bfw_weinbergstr' alt=''  itemprop=\"thumbnailUrl\"   \/><\/div><\/li><li  class=' slide-11 ' ><div data-rel='slideshow-1' class='avia-slide-wrap'  ><img src='https:\/\/renta.de\/cms-2017\/wp-content\/uploads\/2016\/02\/305_OranienburgerTor.jpg' width='768' height='198' title='305_OranienburgerTor' alt=''  itemprop=\"thumbnailUrl\"   \/><\/div><\/li><li  class=' slide-12 ' ><div data-rel='slideshow-1' class='avia-slide-wrap'  ><img src='https:\/\/renta.de\/cms-2017\/wp-content\/uploads\/2016\/02\/401_werneuch_wohnpark.jpg' width='768' height='198' title='401_werneuch_wohnpark' alt=''  itemprop=\"thumbnailUrl\"   \/><\/div><\/li><li  class=' slide-13 ' ><div data-rel='slideshow-1' class='avia-slide-wrap'  ><img src='https:\/\/renta.de\/cms-2017\/wp-content\/uploads\/2016\/02\/410_nhb_waldfrieden.jpg' width='768' height='198' title='410_nhb_waldfrieden' alt=''  itemprop=\"thumbnailUrl\"   \/><\/div><\/li><li  class=' slide-14 ' ><div data-rel='slideshow-1' class='avia-slide-wrap'  ><img src='https:\/\/renta.de\/cms-2017\/wp-content\/uploads\/2016\/02\/501_zweite.jpg' width='768' height='198' title='501_zweite' alt=''  itemprop=\"thumbnailUrl\"   \/><\/div><\/li><li  class=' slide-15 ' ><div data-rel='slideshow-1' class='avia-slide-wrap'  ><img src='https:\/\/renta.de\/cms-2017\/wp-content\/uploads\/2016\/02\/601_ffo_augbebel.jpg' width='768' height='198' title='601_ffo_augbebel' alt=''  itemprop=\"thumbnailUrl\"   \/><\/div><\/li><li  class=' slide-16 ' ><div data-rel='slideshow-1' class='avia-slide-wrap'  ><img src='https:\/\/renta.de\/cms-2017\/wp-content\/uploads\/2016\/02\/602_ffo_schillerstr-1.jpg' width='768' height='198' title='602_ffo_schillerstr-1' alt=''  itemprop=\"thumbnailUrl\"   \/><\/div><\/li><li  class=' slide-17 ' ><div data-rel='slideshow-1' class='avia-slide-wrap'  ><img src='https:\/\/renta.de\/cms-2017\/wp-content\/uploads\/2016\/02\/602_ffo_schillerstr.jpg' width='768' height='198' title='602_ffo_schillerstr' alt=''  itemprop=\"thumbnailUrl\"   \/><\/div><\/li><li  class=' slide-18 ' ><div data-rel='slideshow-1' class='avia-slide-wrap'  ><img src='https:\/\/renta.de\/cms-2017\/wp-content\/uploads\/2016\/02\/701_rath_bahnhofstr.jpg' width='768' height='198' title='701_rath_bahnhofstr' alt=''  itemprop=\"thumbnailUrl\"   \/><\/div><\/li><li  class=' slide-19 ' ><div data-rel='slideshow-1' class='avia-slide-wrap'  ><img src='https:\/\/renta.de\/cms-2017\/wp-content\/uploads\/2016\/02\/701_zweite-1.jpg' width='768' height='198' title='701_zweite' alt=''  itemprop=\"thumbnailUrl\"   \/><\/div><\/li><\/ul><div class='avia-slideshow-arrows avia-slideshow-controls'><a href='#prev' class='prev-slide' aria-hidden='true' data-av_icon='\ue87c' data-av_iconfont='entypo-fontello'>Zur\u00fcck<\/a><a href='#next' class='next-slide' aria-hidden='true' data-av_icon='\ue87d' data-av_iconfont='entypo-fontello'>Weiter<\/a><\/div><div class='avia-slideshow-dots avia-slideshow-controls'><a href='#1' class='goto-slide active' >1<\/a><a href='#2' class='goto-slide ' >2<\/a><a href='#3' class='goto-slide ' >3<\/a><a href='#4' class='goto-slide ' >4<\/a><a href='#5' class='goto-slide ' >5<\/a><a href='#6' class='goto-slide ' >6<\/a><a href='#7' class='goto-slide ' >7<\/a><a href='#8' class='goto-slide ' >8<\/a><a href='#9' class='goto-slide ' >9<\/a><a href='#10' class='goto-slide ' >10<\/a><a href='#11' class='goto-slide ' >11<\/a><a href='#12' class='goto-slide ' >12<\/a><a href='#13' class='goto-slide ' >13<\/a><a href='#14' class='goto-slide ' >14<\/a><a href='#15' class='goto-slide ' >15<\/a><a href='#16' class='goto-slide ' >16<\/a><a href='#17' class='goto-slide ' >17<\/a><a href='#18' class='goto-slide ' >18<\/a><a href='#19' class='goto-slide ' >19<\/a><\/div><\/div><\/div>\n<\/div><\/div><\/div><!-- close content main div --><\/div><\/div><div id='av-layout-grid-1' class='av-layout-grid-container entry-content-wrapper main_color av-fixed-cells    container_wrap sidebar_right'   >\n<div class=\"flex_cell no_margin av_one_half   \" style='vertical-align:top; padding:9px 0px 0px 0px ; background-color:#9f2134; '><div class='flex_cell_inner' ><\/div><\/div><div class=\"flex_cell no_margin av_one_half   \" style='vertical-align:top; padding:9px 0px 0px 0px ; background-color:#9f2134; '><div class='flex_cell_inner' ><\/div><\/div>\n<\/div>\n<\/div><\/div><\/div><!-- close content main div --><\/div><\/div><div id='av_section_1' class='avia-section main_color avia-section-huge avia-no-border-styling avia-bg-style-scroll   container_wrap sidebar_right'   ><div class='container' ><div class='template-page content  av-content-small alpha units'><div class='post-entry post-entry-type-page post-entry-330'><div class='entry-content-wrapper clearfix'>\n<div class='flex_column_table av-equal-height-column-flextable -flextable' ><div class=\"flex_column av_one_third  flex_column_table_cell av-equal-height-column av-align-top first  \" style='padding:40px; background-color:#9f2134; border-radius:0; '><p><span class=\"av_font_icon avia_animate_when_visible  av-icon-style-  avia-icon-pos-center \" style=\"color:#ffffff; border-color:#ffffff;\"><span class='av-icon-char' style='font-size:60px;line-height:60px;' aria-hidden='true' data-av_icon='\uf111' data-av_iconfont='medical' ><\/span><\/span><br \/>\n<div style='padding-bottom:10px;color:#ffffff;' class='av-special-heading av-special-heading-h3 custom-color-heading blockquote modern-quote modern-centered   '><h3 class='av-special-heading-tag '  itemprop=\"headline\"  >MIETER-RATGEBER<\/h3><div class='special-heading-border'><div class='special-heading-inner-border' style='border-color:#ffffff'><\/div><\/div><\/div><br \/>\n<div style='height:20px' class='hr hr-invisible  '><span class='hr-inner ' ><span class='hr-inner-style'><\/span><\/span><\/div><br \/>\n<div class='avia-button-wrap avia-button-center '><a href='https:\/\/renta.de\/cms-2017\/kontakt\/' class='avia-button   avia-icon_select-no avia-color-light avia-size-medium avia-position-center '   ><span class='avia_iconbox_title' >Ihr Kontakt zur RENTA<\/span><\/a><\/div><br \/>\n<div style='height:20px' class='hr hr-invisible  '><span class='hr-inner ' ><span class='hr-inner-style'><\/span><\/span><\/div><br \/>\n<section class=\"av_textblock_section \"  itemscope=\"itemscope\" itemtype=\"https:\/\/schema.org\/CreativeWork\" ><div class='avia_textblock  av_inherit_color '  style='color:#ffffff; '  itemprop=\"text\" ><h4 style=\"text-align: center;\">Bedarfsgerechte<br \/>\nImmobilien<\/h4>\n<p style=\"text-align: center;\">Immobilienentwicklung nach Ma\u00df! Planung, Realisierung und Kostencontrolling &#8211; wir bieten Ihnen ganzheitliche L\u00f6sungen nach Ihrem Bedarf. Von den ersten Ideen bis zur Fertigstellung des Projektes.<\/p>\n<\/div><\/section><br \/>\n<div style='height:8px' class='hr hr-invisible  '><span class='hr-inner ' ><span class='hr-inner-style'><\/span><\/span><\/div><\/p><\/div><\/div><!--close column table wrapper. Autoclose: 1 --><div class='flex_column_table av-equal-height-column-flextable -flextable' ><div class='av-flex-placeholder'><\/div><div class=\"flex_column av_one_third  flex_column_table_cell av-equal-height-column av-align-top   \" style='padding:40px; background-color:#9f2134; border-radius:0px; '><p><span class=\"av_font_icon avia_animate_when_visible  av-icon-style-  avia-icon-pos-center \" style=\"color:#ffffff; border-color:#ffffff;\"><span class='av-icon-char' style='font-size:60px;line-height:60px;' aria-hidden='true' data-av_icon='\ue80b' data-av_iconfont='entypo-fontello' ><\/span><\/span><br \/>\n<div style='padding-bottom:10px;color:#ffffff;' class='av-special-heading av-special-heading-h3 custom-color-heading blockquote modern-quote modern-centered   '><h3 class='av-special-heading-tag '  itemprop=\"headline\"  >HAUSVERWALTUNG<\/h3><div class='special-heading-border'><div class='special-heading-inner-border' style='border-color:#ffffff'><\/div><\/div><\/div><br \/>\n<div style='height:20px' class='hr hr-invisible  '><span class='hr-inner ' ><span class='hr-inner-style'><\/span><\/span><\/div><br \/>\n<div class='avia-button-wrap avia-button-center '><a href='http:\/\/renta-hv.de' class='avia-button   avia-icon_select-no avia-color-light avia-size-medium avia-position-center '   ><span class='avia_iconbox_title' >zur RENTA Hausverwaltung<\/span><\/a><\/div><br \/>\n<div style='height:20px' class='hr hr-invisible  '><span class='hr-inner ' ><span class='hr-inner-style'><\/span><\/span><\/div><br \/>\n<section class=\"av_textblock_section \"  itemscope=\"itemscope\" itemtype=\"https:\/\/schema.org\/CreativeWork\" ><div class='avia_textblock  av_inherit_color '  style='color:#ffffff; '  itemprop=\"text\" ><h4 style=\"text-align: center;\"><strong>Ihr kompetenter Partner f\u00fcr das Facility Management von<\/strong><\/h4>\n<p style=\"text-align: center;\">Wohneigentum<br \/>\nGewerbeimmobilien<\/p>\n<h4 style=\"text-align: center;\"><strong>\u00a0<\/strong><\/h4>\n<\/div><\/section><br \/>\n<div style='height:8px' class='hr hr-invisible  '><span class='hr-inner ' ><span class='hr-inner-style'><\/span><\/span><\/div><\/p><\/div><\/div><!--close column table wrapper. Autoclose: 1 --><div class='flex_column_table av-equal-height-column-flextable -flextable' ><div class='av-flex-placeholder'><\/div><div class=\"flex_column av_one_third  flex_column_table_cell av-equal-height-column av-align-top   \" style='padding:40px; background-color:#9f2134; border-radius:0px; '><p><span class=\"av_font_icon avia_animate_when_visible  av-icon-style-  avia-icon-pos-center \" style=\"color:#ffffff; border-color:#ffffff;\"><span class='av-icon-char' style='font-size:60px;line-height:60px;' aria-hidden='true' data-av_icon='\ue80b' data-av_iconfont='entypo-fontello' ><\/span><\/span><br \/>\n<div style='padding-bottom:10px;color:#ffffff;' class='av-special-heading av-special-heading-h3 custom-color-heading blockquote modern-quote modern-centered   '><h3 class='av-special-heading-tag '  itemprop=\"headline\"  >Investieren<\/h3><div class='special-heading-border'><div class='special-heading-inner-border' style='border-color:#ffffff'><\/div><\/div><\/div><br \/>\n<div style='height:20px' class='hr hr-invisible  '><span class='hr-inner ' ><span class='hr-inner-style'><\/span><\/span><\/div><br \/>\n<div class='avia-button-wrap avia-button-center '><a href='http:\/\/renta-med.de' class='avia-button   avia-icon_select-no avia-color-light avia-size-medium avia-position-center '   ><span class='avia_iconbox_title' >zur RENTAmed<\/span><\/a><\/div><br \/>\n<div style='height:20px' class='hr hr-invisible  '><span class='hr-inner ' ><span class='hr-inner-style'><\/span><\/span><\/div><br \/>\n<section class=\"av_textblock_section \"  itemscope=\"itemscope\" itemtype=\"https:\/\/schema.org\/CreativeWork\" ><div class='avia_textblock  av_inherit_color '  style='color:#ffffff; '  itemprop=\"text\" ><h4 style=\"text-align: center;\">Spezialit\u00e4t Gesundheitsimmobilie<\/h4>\n<p style=\"text-align: center;\">Konzeption, Umset\u00adzung &amp; Service f\u00fcr Spezialimmobilien im Gesundheits\u00adbereich, z.B.:<\/p>\n<p style=\"text-align: center;\">\u00c4rzteh\u00e4user<br \/>\nAltenpflege<br \/>\nTagesrehabilitation<br \/>\nBetreutes Wohnen<\/p>\n<p style=\"text-align: center;\">\n<\/div><\/section><br \/>\n<div style='height:8px' class='hr hr-invisible  '><span class='hr-inner ' ><span class='hr-inner-style'><\/span><\/span><\/div><\/p><\/div><\/div><!--close column table wrapper. Autoclose: 1 --><div style='padding-bottom:10px;' class='av-special-heading av-special-heading-h3  blockquote modern-quote   '><h3 class='av-special-heading-tag '  itemprop=\"headline\"  >RENTA &#8211; Grundst\u00fccks- und Immobilienentwicklung nach Ma\u00df<\/h3><div class ='av-subheading av-subheading_below  ' style='font-size:15px;'><p>100% Immobilienmanagement.<\/p>\n<\/div><div class='special-heading-border'><div class='special-heading-inner-border' ><\/div><\/div><\/div>\n<section class=\"av_textblock_section \"  itemscope=\"itemscope\" itemtype=\"https:\/\/schema.org\/CreativeWork\" ><div class='avia_textblock  '   itemprop=\"text\" ><div class=\"art-postheadericons art-metadata-icons\"><\/div>\n<div class=\"art-postcontent\">\n<div class=\"art-article\">\n<p style=\"text-align: justify;\">RENTA ist Ihr kompetenter und erfahrener Projektentwickler und Bautr\u00e4ger f\u00fcr Wohn- und Gesch\u00e4ftsimmobilien. Seit Beginn der 70er Jahre entwickeln wir unser Know-how stetig weiter und passen uns den Marktanforderungen an. Wir bet\u00e4tigen uns sehr erfolgreich u.a. in den Bereichen<\/p>\n<ul style=\"text-align: justify;\">\n<li>Eigentumswohnungen<\/li>\n<li>Mieth\u00e4user<\/li>\n<li>Gewerbeobjekte<\/li>\n<li>Sanierung von ehemaligen Industriebauten<\/li>\n<li>Altbausanierung<\/li>\n<\/ul>\n<p style=\"text-align: justify;\">Im Verbund der RENTA-Gruppe k\u00f6nnen wir Ihnen die\u00a0gesamte Leistungskette rund um die Immobilienentwicklung und<br \/>\n-betreuung\u00a0anbieten inkl. Finanzierung, Verwaltung und Management.<\/p>\n<p style=\"text-align: justify;\">Ihr \u00a0<a href=\"https:\/\/renta.de\/cms-2017\/kontakt\/\">Kontakt zur RENTA Baubetreuung<\/a>.<\/p>\n<\/div>\n<\/div>\n<\/div><\/section>\n<\/div><\/div><\/div><!-- close content main div --><\/div><\/div><div id='after_section_1' class='main_color av_default_container_wrap container_wrap sidebar_right'   ><div class='container' ><div class='template-page content  av-content-small alpha units'><div class='post-entry post-entry-type-page post-entry-330'><div class='entry-content-wrapper clearfix'>\n","protected":false},"excerpt":{"rendered":"","protected":false},"author":1,"featured_media":0,"parent":0,"menu_order":0,"comment_status":"closed","ping_status":"open","template":"","meta":[],"_links":{"self":[{"href":"https:\/\/renta.de\/cms-2017\/wp-json\/wp\/v2\/pages\/330"}],"collection":[{"href":"https:\/\/renta.de\/cms-2017\/wp-json\/wp\/v2\/pages"}],"about":[{"href":"https:\/\/renta.de\/cms-2017\/wp-json\/wp\/v2\/types\/page"}],"author":[{"embeddable":true,"href":"https:\/\/renta.de\/cms-2017\/wp-json\/wp\/v2\/users\/1"}],"replies":[{"embeddable":true,"href":"https:\/\/renta.de\/cms-2017\/wp-json\/wp\/v2\/comments?post=330"}],"version-history":[{"count":10,"href":"https:\/\/renta.de\/cms-2017\/wp-json\/wp\/v2\/pages\/330\/revisions"}],"predecessor-version":[{"id":1496,"href":"https:\/\/renta.de\/cms-2017\/wp-json\/wp\/v2\/pages\/330\/revisions\/1496"}],"wp:attachment":[{"href":"https:\/\/renta.de\/cms-2017\/wp-json\/wp\/v2\/media?parent=330"}],"curies":[{"name":"wp","href":"https:\/\/api.w.org\/{rel}","templated":true}]}}